p?
3
Let d(l) = -l**3 + 9*l**2 + l + 6. Let g be d(6). Let p = g + -63. What is the units digit of p?
7
Suppose g - 3*g + 10 = 2*w, -4*g + 3*w = 1. Let u(d) = -2*d**3 + 4*d**3 - g + 0 - d**2. What is the units digit of u(2)?
0
Let l(w) = w**3 - 5*w**2 - 10*w + 7. Let z(h) = -h**2 - 8*h + 12. Let u be z(-10). Let c = 15 + u. What is the tens digit of l(c)?
3
Let f(q) = 2*q**3 + 26*q**2 - 20*q - 34. What is the units digit of f(-13)?
6
Let o(x) = -x**2 + 7*x + 4. Let a be o(7). Suppose -290 = -7*k + 6*k + 5*t, a*t - 1088 = -4*k. What is the tens digit of k?
7
Let c = 263 - 391. Let s = -77 - c. What is the tens digit of s?
5
What is the units digit of (321/4)/(-6*(-7)/168)?
1
Let h be (-5 - -9) + (-1 - -13). Let t = h - 3. What is the units digit of t?
3
Suppose -19314 = 21*k - 56421. What is the thousands digit of k?
1
Suppose 0 = -2*p - 115 - 9. Let u = -16 - p. What is the tens digit of u?
4
Let q = 3695 - 306. What is the hundreds digit of q?
3
Suppose -4*a + 26 = 10. Suppose -56 = -a*f + 3*f. What is the units digit of f?
6
Let x = -6 - 62. Let s = x - -135. What is the units digit of s?
7
Suppose -2*u = -3*b - 4, 3*u + 16 = b - 2*u. Let w be 4 - (-4 - 0 - b). Suppose -44 - 92 = -w*j. What is the tens digit of j?
3
Suppose 9*h - 10*h - 4 = 0, -27376 = -5*l - h. What is the thousands digit of l?
5
Let x = -53 + 20. Let f = -6 - x. What is the tens digit of f?
2
Let n(d) = -207*d + 16. Let c be n(3). Let x = c + 868. What is the hundreds digit of x?
2
Let p = 4 - -208. Suppose 133 = 5*a - p. What is the tens digit of 0 + -4 + -4 + a?
6
Let w be (1/(-2))/(6/(-36)). Suppose 5*d - 14 = i, 0 = -5*d + w*i + 12 + 10. Suppose -3*p - 5*c + 112 = 0, 2 = -d*c + 6. What is the units digit of p?
4
Suppose 8204 = 17*o - 3*o. What is the units digit of o?
6
Let b(w) = -21*w**2 - 13*w + 3. Let z be b(-4). Let j = -106 - z. What is the units digit of j?
5
Let o(r) = 2*r**3 + 52*r**2 - 3*r + 1. What is the hundreds digit of o(-22)?
9
Let s = 548 - 349. Suppose 203 = 2*w - s. What is the units digit of w?
1
Let p = -2 + 1. Let g(k) = -21*k. Let h be g(p). Let w = h + -17. What is the units digit of w?
4
Suppose -6*q = -4*q. Suppose 0*b + 5*b = 0. Suppose 3*f - 4*c + 2 = q, -2*f - 3*c + 27 = -b*f. What is the units digit of f?
6
Suppose -7*b + 3524 = -1999. Suppose 858 = 5*k - p, -3*k - 2*p + b = 269. What is the units digit of k?
2
Let x = 383 - 2. What is the hundreds digit of x?
3
Let s = 10 + -6. Let v be 5/(-1)*(-2)/10 + 1. Suppose -v*y - 3*y + 105 = 5*n, 5*n - s*y - 114 = 0. What is the tens digit of n?
2
Suppose 0 = -4*l + b + 1256, 0 = 4*l - 6*l - 5*b + 650. Let z(a) = -a**2 + 7*a - 4. Let g be z(5). Suppose l = -y + g*y. What is the tens digit of y?
6
Suppose -i - 4*i + 10 = 3*h, i - 20 = 3*h. Suppose -6*j + 4*l + 429 = -j, 0 = i*j - 3*l - 428. What is the tens digit of j?
8
What is the units digit of -1 + 0 - (6 + -30)?
3
Let q(y) = y**2 + y + 2. Let m be q(0). Suppose -m*z - 6 + 14 = 0. What is the units digit of z/(-10) + (-112)/(-5)?
2
Let j(w) be the third derivative of w**6/120 + w**5/6 - 5*w**4/12 + w**3/6 + 9*w**2. Let l be j(-11). What is the units digit of 160/3 - l/15?
4
Suppose 9*d - 774 - 1206 = 0. Let z(o) = -o + 10. Let h be z(0). Suppose h*x + d = 15*x. What is the tens digit of x?
4
Suppose -4*p - 5*s - 1312 = -6*p, -5*p = -s - 3326. What is the hundreds digit of p?
6
Let x be 1/(-4)*(-9 + 9). Let v(k) = k**2 + 58. What is the tens digit of v(x)?
5
Let a = 372 + -107. What is the units digit of a?
5
Let r be -2 + -1*(-3 + 4)*-53. Let w = r + -38. What is the tens digit of w?
1
Let v(p) = 2*p**2 + 39*p + 42. What is the hundreds digit of v(15)?
0
Suppose 25*y + 88 = 26*y. Let s = y + -45. What is the tens digit of s?
4
Suppose -53*k = -57*k - 1872. Let b = -334 - k. What is the hundreds digit of b?
1
Let m(r) be the first derivative of -4*r**2 + 1/3*r**3 + 9*r + 2. What is the units digit of m(8)?
9
Let r(l) = -l**2 - 4*l + 7. Let j be r(-5). Suppose 20 + 36 = j*x - 3*s, -22 = -x + 3*s. What is the tens digit of x?
3
Suppose 0 = -5*w + j - 2*j + 2254, -j = -2*w + 896. What is the units digit of w?
0
Suppose -2*v = 2*b - 0*b - 462, -4*b + 897 = -5*v. What is the units digit of b?
8
Let s be 211/4 + 2/8. Let o(c) = c + 21. Let i be o(10). Let r = s - i. What is the units digit of r?
2
Let b(o) = -o**3 + 3*o**2 + o - 2. Let x be b(2). Let r = -1 + x. Suppose -r*j = -5*j + 26. What is the tens digit of j?
1
Let k = -12 - -17. Suppose -98 = -2*u + k*p, 147 = 3*u - 0*p - p. What is the units digit of u?
9
Suppose 4*f - 4152 = -5*b, -2*f - 2*f - 2*b + 4164 = 0. What is the tens digit of f?
4
What is the tens digit of 27*9/((-27)/(-346))?
1
Suppose 4*i + 4*o = 1463 - 223, -2*o = -2*i + 640. What is the units digit of i?
5
Suppose 3*y - 2*q - 12 = 0, 5*y - 10*y + 5*q = -25. Suppose -y + 0 = -l. What is the tens digit of 16 + 8/(-2) + l?
1
Let s(h) = h**2 - h - 3. Let x be s(3). Suppose -11*v + 12*v = x. What is the units digit of 9 + (0 - 3/v)?
8
Let a(m) = -m**2 - m + 25. Let r be a(7). Let j = 170 + r. What is the units digit of j?
9
Suppose -4*p = -3*p - 2*i - 11, 0 = 5*p - 4*i - 37. Suppose 0 = -p*u - d + 2*d + 769, -5*u - 5*d + 745 = 0. What is the hundreds digit of u?
1
Let y(t) = t**3 - 21*t**2 + 4*t - 16. What is the units digit of y(21)?
8
Let r = -474 + 793. What is the hundreds digit of r?
3
Let y = 14 + -12. Suppose -y*o + 6*o - 4 = 0. What is the units digit of (-198)/(-15) - o/5?
3
Suppose 2*t = t + 7. Let q(j) = 3*j**2 - 3*j - 2 + 4*j**2 + j**2 - 7*j**2. What is the units digit of q(t)?
6
Let y(r) = 8*r - 18. Let a = -53 - -65. What is the units digit of y(a)?
8
Suppose -5*s - 5*l + 2047 = -4173, 2*s = -4*l + 2480. What is the thousands digit of s?
1
Suppose 0 = -3*h + 15, -5*p = -2*h - 3 - 7. What is the units digit of p?
4
Let a(o) be the third derivative of o**6/120 - 7*o**5/30 + 7*o**4/24 + 3*o**3 - 15*o**2. What is the units digit of a(14)?
6
Let l(y) = 6*y**2 + 15*y + 15. Let s be l(-5). Suppose 7*d - s = 6*d. What is the tens digit of d?
9
What is the tens digit of 6*(((-1986)/(-12) - 4) + 5)?
9
Suppose -3*q + 5*n = -7 - 16, -4*n = 4. Suppose 95 = q*g + 53. What is the units digit of g?
7
Let c(y) = y + 10. Let s be c(-10). Suppose -5*r = -2*n + 17, -4*r = -n - s*r + 16. What is the tens digit of 2 - (-1)/(n/(-104))?
2
Suppose 4*c - 4*t - 3840 = 0, -2*c + t + 1949 = 33. What is the tens digit of c?
5
Let w(o) = -18*o + 4 - 3*o**3 + 4*o**3 + 5*o**3 - 5*o**3 - 9*o**2. What is the tens digit of w(11)?
4
Suppose 11 = 5*x - 2*f + 3, 2*x = -2*f + 6. Suppose 1410 = 3*v + x*v. What is the hundreds digit of v?
2
Let f(p) = 4*p**2 - 22*p - 7. Let o be (-8)/(-14) + (-90)/(-14). What is the units digit of f(o)?
5
Suppose 0 = 42*a - 37*a - 1300. What is the tens digit of a?
6
Let r(f) = 13*f**2 - 3*f + 2. Let h be r(2). Suppose 4*i - h = -4. Suppose -u + 14 = -i. What is the units digit of u?
5
Let a be 1582/(-4)*(-288)/(-84). What is the tens digit of a/(-42) + 6/(-21)?
3
What is the tens digit of -3 - ((-4 - 357) + 2)?
5
Let b(h) be the first derivative of 1/4*h**4 - 7 + 2*h**3 - 10*h - 5/2*h**2. What is the units digit of b(-5)?
0
Suppose 3*k - 7 = -o + 5, 5*k - 2*o - 20 = 0. Suppose k*s = 3*s + 167. What is the tens digit of s?
6
Let n(b) = 2*b**2 + 11*b + 8. Let r(c) = -5*c**2 - 23*c - 16. Let h(t) = -9*n(t) - 4*r(t). What is the units digit of h(5)?
7
Suppose 0 = -h - 4*i + 18, -2*i = -4*h - i + 4. Suppose 0 = -2*y + w - 0*w + 163, 5*y + 4*w - 440 = 0. Suppose t - y = -h*t. What is the tens digit of t?
2
What is the tens digit of (518 - 404)*(0/(-2) - -2)?
2
Let j be 2/5 + (-1336)/(-10). Let s = j + 27. What is the units digit of s?
1
Suppose 5*g - 17 = k, 31 = k + 4*k + 4*g. Suppose -k*r + 221 = 2*o, -o + 158 = 2*r + 3*o. Suppose 5*p - 331 + r = 0. What is the units digit of p?
2
Let o(q) = 55*q + 19. Let l(w) = -55*w - 20. Let u(b) = 6*l(b) + 7*o(b). What is the hundreds digit of u(3)?
1
Let r = 3076 + -2090. What is the units digit of r?
6
Let y(i) be the second derivative of -i**5/20 + 17*i**4/12 - 19*i**3/6 - 49*i**2/2 + 4*i - 9. What is the hundreds digit of y(15)?
1
Let a(l) = 2600*l**2 + 32*l + 33. What is the hundreds digit of a(-1)?
6
Let n(a) = a**2 - 7*a + 42. What is the units digit of n(29)?
0
Suppose 12*r - 14*